{"id":743,"date":"2017-04-05T22:51:25","date_gmt":"2017-04-05T22:51:25","guid":{"rendered":"https:\/\/boiseriesdandurand.com\/?page_id=743"},"modified":"2017-04-05T23:21:46","modified_gmt":"2017-04-05T23:21:46","slug":"test","status":"publish","type":"page","link":"https:\/\/boiseriesdandurand.com\/index.php\/test\/","title":{"rendered":"test"},"content":{"rendered":"<div  class=\"fusion-fullwidth fullwidth-box fusion-parallax-none hundred-percent-fullwidth fusion-equal-height-columns\"  style='background-color: rgba(255,255,255,0);background-image: url(\"https:\/\/boiseriesdandurand.com\/wp-content\/uploads\/2017\/03\/Cambrian-Black-Flamed_1.jpg\");background-position: center center;background-repeat: no-repeat;-webkit-background-size:cover;-moz-background-size:cover;-o-background-size:cover;background-size:cover;background-attachment:none;'><div class=\"fusion-builder-row fusion-row \"><div  class=\"fusion-layout-column fusion_builder_column fusion_builder_column_1_1  fusion-one-full fusion-column-first fusion-column-last fusion-column-inner-bg-wrapper 1_1\"  style='margin-top:0px;margin-bottom:0px;'>\n\t\t\t<div class=\"fusion-column-wrapper\" style=\"padding: 5% 5% 5% 5%;\" data-bg-url=\"\">\n\t\t\t\t<div class=\"fusion-column-content-centered\"><div class=\"fusion-column-content\"><h2><span style=\"color: rgb(255, 255, 255);\">Vous \u00eates en plein m\u00e9nage de printemps et ne savez que faire des vieux v\u00eatements dont vous ne voulez plus? Voici une solution tr\u00e8s int\u00e9ressante! \ud83d\ude42<\/span><\/h2>\n<h2><span style=\"color: rgb(255, 255, 255);\">Le grand \u00e9change, c&rsquo;est un <strong>\u00e9change collectif de v\u00eatements<\/strong> qui aura lieu <strong>mercredi le 12 avril<\/strong> de <strong>16h \u00e0 18h<\/strong>, \u00e0 la <strong>salle d&rsquo;exposition de la biblioth\u00e8que<\/strong> Armand-Frappier (<strong>DM-02<\/strong>).<\/span><\/h2>\n<h2><span style=\"color: rgb(255, 255, 255);\">Pour y prendre part, il suffit d&rsquo;<strong>apporter 10 morceaux de v\u00eatements \u00e0 \u00e9changer<\/strong>! Vous pourrez ainsi repartir avec autant de nouveaux morceaux! Les v\u00eatements non \u00e9chang\u00e9s pourront \u00eatre r\u00e9cup\u00e9r\u00e9s \u00e0 la fin de l&rsquo;activit\u00e9.<\/span><\/h2>\n<\/div><\/div><div class=\"fusion-clearfix\"><\/div>\n\t\t\t<\/div>\n\t\t\t<span class=\"fusion-column-inner-bg hover-type-zoomin\">\n\t\t\t\t<a >\n\t\t\t\t\t<span class=\"fusion-column-inner-bg-image\" style=\"background-color:rgba(232,0,77,0.22);background-position:left top;background-repeat:no-repeat;-webkit-background-size:cover;-moz-background-size:cover;-o-background-size:cover;background-size:cover;\"><\/span><\/a>\n\t\t\t<\/span>\n\t\t<\/div><\/div><\/div>\n","protected":false},"excerpt":{"rendered":"","protected":false},"author":1,"featured_media":0,"parent":0,"menu_order":0,"comment_status":"closed","ping_status":"closed","template":"100-width.php","meta":{"_bbp_topic_count":0,"_bbp_reply_count":0,"_bbp_total_topic_count":0,"_bbp_total_reply_count":0,"_bbp_voice_count":0,"_bbp_anonymous_reply_count":0,"_bbp_topic_count_hidden":0,"_bbp_reply_count_hidden":0,"_bbp_forum_subforum_count":0,"ngg_post_thumbnail":0,"footnotes":""},"class_list":["post-743","page","type-page","status-publish","hentry"],"aioseo_notices":[],"_links":{"self":[{"href":"https:\/\/boiseriesdandurand.com\/index.php\/wp-json\/wp\/v2\/pages\/743","targetHints":{"allow":["GET"]}}],"collection":[{"href":"https:\/\/boiseriesdandurand.com\/index.php\/wp-json\/wp\/v2\/pages"}],"about":[{"href":"https:\/\/boiseriesdandurand.com\/index.php\/wp-json\/wp\/v2\/types\/page"}],"author":[{"embeddable":true,"href":"https:\/\/boiseriesdandurand.com\/index.php\/wp-json\/wp\/v2\/users\/1"}],"replies":[{"embeddable":true,"href":"https:\/\/boiseriesdandurand.com\/index.php\/wp-json\/wp\/v2\/comments?post=743"}],"version-history":[{"count":6,"href":"https:\/\/boiseriesdandurand.com\/index.php\/wp-json\/wp\/v2\/pages\/743\/revisions"}],"predecessor-version":[{"id":757,"href":"https:\/\/boiseriesdandurand.com\/index.php\/wp-json\/wp\/v2\/pages\/743\/revisions\/757"}],"wp:attachment":[{"href":"https:\/\/boiseriesdandurand.com\/index.php\/wp-json\/wp\/v2\/media?parent=743"}],"curies":[{"name":"wp","href":"https:\/\/api.w.org\/{rel}","templated":true}]}}